et b(v) = -v**2 - 8*v + 4. Calculate b(w).
-5
Let v(z) = z**3 - 11*z**2 + 24*z - 37. Let l be v(9). Let h = 45 - 63. Let x = h + l. Let d(p) = 8*p**2 - p - 1. Determine d(x).
8
Let m(f) = 7 - f - f + 3*f. Let x = 199 + -165. Suppose -x*t - 15 = -37*t. Calculate m(t).
12
Let r(z) = 83*z**2 + 10*z - 3*z - 169*z**2 - 1 + 85*z**2. Suppose -5*p - 4*f = -55, 2*f = -3 + 13. What is r(p)?
-1
Let n(g) = -19*g**2 - g**3 - 35*g + 19*g + 453187 - 453149. Give n(-18).
2
Let y = 38 - 49. Suppose 7 = 3*t + 31. Let n = t - y. Let z(f) = -f**3 + 2*f**2 + 3*f + 2. What is z(n)?
2
Let r(c) = -3*c + 1. Suppose 145 + 86 = 7*g. Let s(d) = -2*d + 57. Let t be s(g). Determine r(t).
28
Let q(i) be the first derivative of -i**5/120 - 7*i**4/24 + 59*i**3/3 - 274. Let l(s) be the third derivative of q(s). Calculate l(-4).
-3
Suppose 28 = -5*r - 2. Let v(s) = 62*s - 7 - 126*s + s**3 + 5*s**2 + 57*s. Let g be v(r). Let y(n) = -11*n**3 + 2*n + 1. Give y(g).
10
Let d(v) = v**3 + 6*v**2 + 7*v + 8. Let s be ((-3)/1)/((-81)/(-54)). Let z be s*5/25 - 23/5. Give d(z).
-2
Let d(r) = 2*r - 86. Suppose -8889*t + 666 = -8871*t. What is d(t)?
-12
Let x(s) be the second derivative of -23*s**3/6 - 4*s**2 + 119*s. Let u(f) = 34*f + 11. Let d(w) = -5*u(w) - 7*x(w). Suppose -5*q = 2 - 7. Give d(q).
-8
Let f(o) = 6*o + 8. Let a(g) = -3*g + 24. Let b be a(9). Calculate f(b).
-10
Let r(g) = -3*g**3 - 28*g**2 - 19*g + 8. Let q(o) = 4*o**3 + 42*o**2 + 27*o - 13. Let n(j) = 5*q(j) + 7*r(j). Give n(14).
19
Let f(h) = -h**2 + 5*h. Let v = -191 + 104. Let q be 0 + v/(-6) - 2/4. Suppose -2*w - d = w - q, 9 = w - 4*d. Give f(w).
0
Suppose -3*n - 15 = -0*n. Let s(o) = -130*o**3 + 2 - 4*o**2 + 26*o**3 + 67*o**3 + 7*o - 4*o + 36*o**3. Calculate s(n).
12
Suppose 0 = -1867094*t + 1867104*t + 10. Let q(p) = -p + 4. Let u be q(3). Let y(k) = 2*k + 2*k + 0*k - u. Determine y(t).
-5
Suppose -7*t - 32 = -101*t + 156. Let j(b) = 6*b**2 - 6*b + 1. What is j(t)?
13
Let a = 920 + -905. Suppose -30*u - 90 = -a*u. Let t(w) = w**3 + 6*w**2 - 5*w - 15. What is t(u)?
15
Let u(k) be the third derivative of -k**5/60 + k**4/2 + 41*k**3/6 - 15*k**2 - 83*k. Give u(10).
61
Let g be ((-10 - -3) + 6)/(-1). Let m(t) = -17*t**2 - 4*t + 5. What is m(g)?
-16
Let c(h) be the third derivative of h**4/8 + 5*h**3/6 - h**2. Let x = -786 - -786. Give c(x).
5
Let p = -30 + 26. Let n = p + 6. Let g(s) = -n + 31*s - 28*s - 2. What is g(6)?
14
Let u(w) = -6*w + 4. Let z(d) = -31*d + 19. Let f(k) = -11*u(k) + 2*z(k). Let g be (-7 - (-12)/4)/(2/(-2)). Suppose 5*m = 10*p - 5*p - 15, g = 4*m. Give f(p).
10
Suppose 120*q = 148*q + 84. Suppose -2*n + 9 - 1 = 0. Let j(a) = 2 + n*a - a**2 - 2*a + 0*a - a**3. Give j(q).
14
Let w(n) be the first derivative of -78 + 1/3*n**3 - 6*n + n**2. Let s = -9 + 3. Determine w(s).
18
Let s(n) = 30*n - 10. Suppose 93*z + 222 = 127*z + 77*z. Give s(z).
50
Let x(t) = -5*t + 1. Let j(c) = -8*c. Let l(o) = -3*o. Let f(v) = 3*j(v) - 10*l(v). Suppose 160 = -62*k + 30*k. Let r(b) = k*x(b) - 4*f(b). Determine r(3).
-2
Let n be (7*-1)/(1 - 2). Let z(h) = 9*h + 94. Let d(g) = 8*g + 77. Let u(y) = 6*d(y) - 5*z(y). Calculate u(n).
13
Let j(u) be the second derivative of 1/3*u**3 + 213*u + 1/12*u**4 + 0 + 1/2*u**2. Calculate j(-4).
9
Let s = -2 + 2. Suppose s = -3*v + 9. Let k(w) = 5*w + 11. Let y(r) = r + 1. Let z(g) = k(g) - 6*y(g). Determine z(v).
2
Let r(h) be the first derivative of -h**6/120 - h**5/60 + h**4/24 - 7*h**3/6 - 3*h**2/2 + 5*h + 37. Let o(d) be the second derivative of r(d). Give o(0).
-7
Let r(s) = s**3 - 3*s**2 - 3*s - 2. Suppose -3*k + 4 = -4*f, 4*k = f + f + 12. Suppose 3*v - 7*v = 5*w, -4*w - 4 = k*v. Give r(w).
2
Let j(h) = -48*h**2 + 302*h**3 + 6*h - 13 - 296*h**3 + 43*h**2. Determine j(3).
122
Let m(p) = -1030*p - 1410. Let n(f) = 729*f + 1007. Let y(w) = 12*m(w) + 17*n(w). Determine y(-6).
1
Let r(j) = 2*j**2 - 6*j + 6. Let d(n) = 2*n**2 - 5*n + 5. Let f(o) = 5*d(o) - 4*r(o). Let w be f(1). Let k(v) = -3 + 2*v + 0*v + 0*v + w*v. Give k(2).
5
Let z(p) = 3*p**3 + 10*p**2 + 5*p - 11. Let o(m) be the first derivative of 10/3*m**3 - 11*m - 3 + 3*m**2 + m**4. Let g(v) = -4*o(v) + 5*z(v). Determine g(10).
-1
Let b(f) = -13*f. Suppose 11 = 8*w - 7*w + v, -2*w + 42 = -2*v. Let u be (-6)/(-8) + -2*(-2)/w. What is b(u)?
-13
Suppose 443*s + 765 = 440*s. Let a = 245 + s. Let d(k) = k - 1. What is d(a)?
-11
Let o(p) = p + 9. Suppose 7*t - 24 - 4 = 0. Suppose t*i + 5*b + 51 = -0*b, 3*i + 45 = 3*b. Determine o(i).
-5
Suppose -3*f = -15*f. Suppose t - a = 8, -a - 17 = -4*t - f*a. Let r(w) = -w**2 + 7*w + 1. What is r(t)?
13
Let t(s) = 561 - 16*s - 542 - 5*s**2 + s**2 + 11*s**2 - 5*s**2. Determine t(6).
-5
Let c(y) = -3*y**2 + 2*y - 10. Suppose 0*g + 2*h = -g + 10, 5*h - 25 = 3*g. What is c(g)?
-10
Suppose -2*s = 5*v - 0*s - 37, -3*s + 3 = 0. Let f(q) = q + 14. Let p be f(-11). Let c(t) = 5*t**3 - 10 + 8*t**3 + 6*t**2 + 7*t - 14*t**p. What is c(v)?
-10
Let y(f) = -5*f - 2. Let a be 0 - (0 + (2 - -1)*-81). Suppose 18 = -237*x + a*x. Give y(x).
-17
Let w(b) = -b**3 + 6*b**2 - 22*b - 3. Suppose 20*x - 16*x - 24 = 0, -f = -4*x + 21. Determine w(f).
-42
Suppose 3*i = -13*i + 2896. Let d(x) = 88*x + 94*x - i*x. What is d(-5)?
-5
Let c(z) be the first derivative of -z**3/3 + 5*z**2/2 - 916. What is c(-3)?
-24
Suppose 3*w = w + 18. Let p(x) = x**3 - 9*x**2 - 2. Let h be p(w). Let b(k) = -12*k + 8. Let n(f) = -5*f + 5. Let g(t) = -3*b(t) + 5*n(t). Give g(h).
-21
Let v(k) = k - 11. Let n be v(19). Let i be (25/(-3) + n)/(1/(-6)). Let b(x) = -5*x**2 - 4*x + x**3 - 3 + 5*x + 3*x. Calculate b(i).
-7
Let o(f) = 2*f + 40. Let s(i) = -16*i - 182. Let p(r) = 6*o(r) + s(r). Give p(15).
-2
Suppose 24 = 3*p - 5*q, 0 = -6*p + p + q + 18. Suppose p*g - 45 = -2*g. Let y be 6/g + (-8)/3. Let a(o) = -o**2 - 2*o - 3. Give a(y).
-3
Let v(b) be the second derivative of -b**7/2520 + b**6/720 + 13*b**5/120 + 17*b**4/12 + 4*b - 3. Let j(k) be the third derivative of v(k). Calculate j(0).
13
Let x(m) = m**3 - 13*m**2 - 12*m - 25. Let o = -2133 + 2147. Determine x(o).
3
Let a(s) be the second derivative of -8*s + 1/3*s**3 + s**2 - 14 - 1/12*s**4. Calculate a(0).
2
Let i be (-19)/57 + (-98)/(-6). Suppose -7*w = -9*w + i. Suppose w*q + 8 = 6*q. Let p(x) = x**3 + 5*x**2 + 3*x - 4. What is p(q)?
0
Let q = 134 + -112. Suppose 0 = 18*z - q*z - 3*c - 26, -3*c = 3*z + 21. Let o(x) = -4*x - 1. Determine o(z).
19
Let f(p) = -p**3 - 5*p**2 + 5*p + 12. Suppose 0 = -64*u + 69*u - 2*c + 36, -3*u - 3*c - 9 = 0. What is f(u)?
18
Let i(b) be the first derivative of -15*b**2/2 - b + 46600. Suppose 0 = 3*d + 5*c - 0*c - 3, -d + 5*c = 19. Let r = d + 2. Determine i(r).
29
Let s(y) be the third derivative of -y**5/60 - y**4/24 + 4*y**3/3 + 56*y**2. Determine s(3).
-4
Let q(l) = 143*l - 9. Let w be q(0). Let u(g) = g**3 + 8*g**2 - 6*g + 23. Give u(w).
-4
Suppose 0 = 4*t + 126 - 146. Suppose 0 = -274*v + 269*v + t. Suppose -9 = -s - v. Let c(d) = d**2 - 7*d - 10. Give c(s).
-2
Suppose 4*v - 32 = -3*n, -4*n - 16 + 47 = 3*v. Let f = n - -28. Suppose -5*t + 7 = f. Let j(z) = z**3 + 4*z**2 - 7*z - 5. Determine j(t).
5
Let t(l) = l + 12. Let p be t(18). Let q = p - 27. Let n(z) = 6*z**q - z + 0*z - 5*z**2 + 7*z**2. What is n(1)?
7
Let x(l) = l**2 + l + 4. Let j(s) = -15*s**2 - 7*s - 22. Let a(v) = -j(v) - 6*x(v). Determine a(1).
8
Suppose 2*n - p + 2 = -14, -2*p = 0. Let s(b) = -b**3 - b**2 + 5*b - 9. Let c(a) = 2*a**3 + 2*a**2 - 9*a + 13. Let d(m) = n*s(m) - 5*c(m). Calculate d(-2).
5
Let b(n) = -67*n - 2274. Let d be b(-34). Let h(f) = f**2 - 26*f + 78. Determine h(d).
-10
Let i(k) = k - 177*k**2 - 29 + 92*k**2 + 84*k**2 + 32. Let b = 3 + -7. Give i(b).
-17
Suppose -429*d - 336 = -541*d. Let s(g) = g**2 + 8*g - 20. What is s(d)?
13
Let v(s) = 138 + 18*s + 139 - 19*s - 416 + 136. Suppose 4*b = 81 + 19. Suppose -4*i = -2*g + i - 25, 4*g - 5*i + b = 0. Determine v(g).
-3
Let d(t) = t - 1. Let o(f) = 6*f. Let a be (-6 + 9 + -8)*1. Let p be (0 - -2)/(1 + 1). Let z(g) = a*d(g) + p*o(g). Calculate z(-4).
1
Let d(i) = i**2 - 25*i - 17. Suppose -3*k + 48 = 4*u, 15*k - 2*u = 17*k - 36. Calculate d(k).
-41
Let v(r) = -2*r + 4. Suppose h - 293 = -290. Suppose 3*p - 4*p - 8 = -b, 2*b + h*p = -4. Calculate v(b).
-4
Let r(j) = 3*j + 18. Suppose 4506 = -11*k + 4451. Determine r(k).
3
L